visor of v and 110?
22
Let x = 39 - 24. Suppose x*s = 10*s + 20. Suppose 5*d - d = p + 53, -5*d = s*p - 40. What is the highest common factor of 4 and d?
4
Suppose 29 = 3*v + z, z = -2*v - 2*v + 37. Calculate the highest common factor of 4 and v.
4
Suppose -23712 = -104*r + 52*r. What is the highest common divisor of 8 and r?
8
Suppose 28*n = 7552 + 9752. What is the greatest common divisor of n and 6?
6
Suppose -33*x + 35*x - 70 = 0. What is the greatest common factor of x and 7?
7
Let a(b) = 7*b**2 - 2. Let m be a(2). Suppose -m = -2*h + 3*j, -j + 0 - 42 = -4*h. Calculate the greatest common factor of 110 and h.
10
Let o be (79/237)/((-2)/(-1650)). What is the greatest common factor of o and 100?
25
Let t(k) = -12*k - 36. Let l be t(-11). Calculate the greatest common divisor of l and 12.
12
Let s(m) = 22*m + 140. Let h be s(10). What is the highest common divisor of 72 and h?
72
Suppose -338 = -3*u - 2*u + 2*y, 4*y = 4*u - 268. Suppose 3*d + u = 80. What is the greatest common factor of d and 6?
2
Let x be -7 - ((-3607)/5 - 72/120). Calculate the highest common divisor of 55 and x.
55
Let r(p) = p - 1. Let w be r(13). Let f(t) = t - 8. Let y be f(w). Suppose 57 = y*i - i - l, 43 = 2*i + l. What is the greatest common factor of i and 60?
20
Suppose 33*h + h - 6630 = 0. What is the greatest common divisor of h and 312?
39
Let d = -28 - -34. Let b = -1 + d. Suppose -3*n = 15, b*n - 752 = -4*l - 233. What is the greatest common divisor of l and 17?
17
Let l be 19/3 + (-6)/18. What is the greatest common factor of l and 21?
3
Let a be (2/(-6))/((-9)/810). What is the greatest common divisor of a and 6?
6
Suppose -n + 0 = -7. Suppose 51 = s + n. What is the greatest common divisor of 66 and s?
22
Let v(k) = -k**3 + 13*k**2 - 13*k + 41. Let d be v(12). Calculate the greatest common factor of d and 232.
29
Let k = -23 + 27. Suppose -5*f = 4*o + 10, o - 2 = k*f + 3*o. Suppose -12 - 38 = -5*m. Calculate the highest common divisor of f and m.
2
Let p(j) = -8*j + 17. Let x be p(10). Let b = 71 + x. What is the highest common divisor of b and 40?
8
Let h = 1420 + -1355. What is the highest common factor of h and 845?
65
Let g = 5 + 2. Let p = 736 + -687. What is the greatest common factor of g and p?
7
Let r(a) = -a**2 - 12*a - 10. Let q be ((-5)/(-15))/(3/(-36)). Let c be r(q). Calculate the highest common factor of 88 and c.
22
Let s = 38 - 32. Suppose s*k = k + 260. Calculate the greatest common factor of 26 and k.
26
Suppose 266 = 5*t - 2*k, 2*k - 18 = t - 68. What is the greatest common factor of t and 216?
54
Suppose 0*h = 3*h - 4*s - 80, 2*h + s = 57. Let l = -22 + h. Suppose 4*a - 10 - l = 0. Calculate the greatest common divisor of 36 and a.
4
Suppose -3*s - 21 = -3*k, 3*k + 3*s - 9 = 2*s. Suppose 2*u - 4*d = 192, -k*d + 3 = -d. What is the highest common divisor of u and 14?
14
Suppose 0 = -7*j + 3*j - 576. Let p be 5/(3/(-4) - 124/j). Calculate the highest common factor of 18 and p.
9
Let o(q) = -q**2 - 7*q - 4. Let f be o(-5). Let h = -31 + 19. Let k be -4*h/28*70/4. Calculate the greatest common divisor of f and k.
6
Suppose 25*f - 208 = -27*f. Calculate the greatest common divisor of f and 1180.
4
Let k(j) = j**3 - j**2 + 6*j - 64. Let a be k(7). Calculate the highest common factor of 352 and a.
16
Let p = 138 + -47. Calculate the highest common divisor of p and 28.
7
Suppose 463 = 42*b - 1175. Calculate the highest common divisor of b and 4.
1
Let g(b) = 2*b**2 + 11*b + 129. Let n be g(-7). Calculate the greatest common factor of 550 and n.
50
Let a = -180 + 306. Suppose 63 + a = 3*d. Calculate the greatest common divisor of d and 42.
21
Let j(g) = g + 0*g - 9*g + g**2 + 3. Let i be j(7). Let s be (-3)/(-2 + i)*10. What is the highest common factor of s and 1?
1
Suppose -m = -5, 0 = -r + m - 2 - 3. Suppose g = 3*t - 284 - 298, r = -t - 4*g + 207. What is the greatest common divisor of t and 78?
39
Suppose 5*p - 57 = -2*y, 5 = -2*p + 4*y + 23. What is the highest common divisor of p and 99?
11
Let m be 34/10 - 22/55. Let f(o) = -3*o + 6. Let u be f(m). Let w = u + 11. Calculate the greatest common factor of w and 8.
8
Suppose 93 = n - 61. Let g(s) = -s**2 + 8*s + 3. Let x be g(9). Let q be 17 - x/(-8)*4. What is the greatest common factor of n and q?
14
Suppose -4*z + 40 = -4*h, h + 20 = -z - 4*h. Calculate the highest common factor of z and 40.
5
Let x = 10 + 33. Let z = 62 - x. What is the greatest common factor of z and 57?
19
Let u be -3 - ((2 - 13) + 2). Let w(t) = u*t**3 - 21 + 8*t**3 - 3*t - 14*t**2 - 15*t**3. Let q be w(-14). What is the greatest common divisor of q and 7?
7
Suppose -5*l + 218 = -4*q - 158, 0 = -l + 3*q + 73. Suppose 99 + l = 5*p. What is the highest common factor of p and 7?
7
Suppose -84 = -4*t + 5*j - j, 9 = t - 4*j. Calculate the greatest common divisor of t and 300.
25
Let f = -563 + 587. Calculate the highest common divisor of f and 96.
24
Suppose 4*a - 1 - 3 = 0. Suppose 4*y + 65 = s, -a - 2 = -y. Let m = s - 35. Calculate the greatest common factor of 28 and m.
14
Suppose 99*s - 93*s - 6804 = 0. Calculate the greatest common factor of s and 14.
14
Let l = 33 + -33. Suppose l = v + 2*d - 2 - 17, -v + d = -4. What is the highest common divisor of 72 and v?
9
Suppose -2*n - 90 = 4*n. Let f(v) = v**3 + 15*v**2 + 5. Let l be f(n). Let k(u) = 4*u + 1. Let q be k(1). Calculate the greatest common factor of q and l.
5
Suppose 0 = -0*t - 4*t, 5*s = t + 140. Let y(m) = 3*m**2 - 124*m + 55. Let d be y(41). What is the highest common factor of s and d?
14
Let p be -2 + 0 - -23*1. Let d = p - 15. Let c be (-12)/27*(-55 + 46). Calculate the highest common factor of c and d.
2
Let v(n) = n + 20. Let c(b) = -2*b**2 + 15*b - 1. Let x be c(8). Let k be v(x). Calculate the greatest common factor of 121 and k.
11
Let g be 50 + 2/(-1) + 0. What is the highest common divisor of 30 and g?
6
Suppose -2*o - 7 = -67. Suppose o*q - 25*q = 0. Suppose q = -2*y + 134 - 8. What is the highest common divisor of 7 and y?
7
Suppose -4*g - 12 = -28, -29 = -l + 4*g. What is the greatest common factor of l and 9?
9
Let t be 6/9 - 302/(-6). Suppose -66 - 71 = -4*z - j, 0 = -5*z - 3*j + 173. What is the greatest common divisor of z and t?
17
Suppose 5*y + 0*u - 821 = -4*u, -3*y + 494 = u. Suppose 22*f + 3*f - 375 = 0. Calculate the greatest common factor of f and y.
15
Let t(y) = 246*y + 41. Let r be t(19). What is the greatest common divisor of r and 41?
41
Let w = -161 - -202. Calculate the highest common factor of 451 and w.
41
Let x(m) = -36*m - 172. Let b be x(-27). What is the greatest common factor of 100 and b?
100
Let j be (1 + (-26 - -5))*(1 - 2). Calculate the highest common divisor of 130 and j.
10
Let l = -119 - -47. Let s = -40 - l. What is the greatest common factor of 4 and s?
4
Let n = 1946 - 1855. What is the greatest common factor of n and 203?
7
Let d be (16/56)/(10/(-14))*-50. What is the highest common divisor of d and 110?
10
Let w(o) = -7*o + 9. Let f be w(-3). Suppose 0 = -t + 3*r - 1 - 6, f = 5*t - 2*r. Let y be 4 + (-6 - -4) - -6. Calculate the highest common divisor of y and t.
8
Suppose 5*z + 25 - 135 = 0. Calculate the greatest common divisor of 176 and z.
22
Let n be 19 + ((-4)/(-4) - 2). Suppose 0 = -5*j + 8*j - n. What is the greatest common divisor of 54 and j?
6
Suppose 0 = 4*i - 2*i + 4. Let g be -1 + (-2)/i - -1. Let f = g + 12. What is the greatest common divisor of 117 and f?
13
Let x(b) = -6*b**3 + 30*b**2 - b + 15. Let j be x(5). Let d = 16 + -6. What is the highest common factor of d and j?
10
Let l be (224/40)/(2/(-15)). Let b = l - -328. Calculate the highest common divisor of 26 and b.
26
Suppose -o = -3*m - 80, -320 = o - 5*o - 5*m. Calculate the greatest common factor of 30 and o.
10
Let a = 1700 - 3144. Let x be a/(-10) - 10/25. Suppose -14*l = -12*l - x. What is the highest common factor of 9 and l?
9
Let f = 1422 - 1261. What is the highest common factor of 69 and f?
23
Let f be 4 + (6 - (-2 + 6)). Let d(a) = a**2 - 5*a - 1. Let w be d(4). Let r be (-15)/w - (0 + 0). Calculate the highest common factor of r and f.
3
Let q = -5 + -1. Let m(h) = 2*h + 12. Let i be m(q). Suppose 0 = -i*g + g - 25. What is the greatest common divisor of 275 and g?
25
Let w = -7 + 7. Let u(y) = y**3 - y**2 + 65. 